?
9
Let g = -458 - -647. What is the hundreds digit of g?
1
Let o(x) = 3*x**2 + 6*x - 8. Let m(k) = 4*k**2 + 5*k - 8. Let y(d) = -2*m(d) + 3*o(d). Let s be y(-6). What is the tens digit of ((-12)/(-20))/((-1)/s)?
1
What is the thousands digit of (9/4)/((-351)/(-278928))?
1
Let c = 512 - -95. What is the hundreds digit of c?
6
Let c be (30/3 - -1) + 2. Let o = -10 + c. Suppose 2*g - 88 = 5*k, -o*g + 0*k + 110 = -2*k. What is the units digit of g?
4
Let b be 1 - (3 - 2)*-1. What is the units digit of 3*b/(-6) - 2 - -174?
1
Let t be 26/2 - (-6 + 9). Let z(o) = o - 6. Let w be z(t). Suppose 3*a - 78 = -4*g + a, 0 = -5*g - w*a + 99. What is the tens digit of g?
1
Let w be (22/6)/((-2)/6). Let i(d) = -d**2 - 15*d - 5. What is the units digit of i(w)?
9
Suppose 0 = -2*f - 2*j - 2 + 128, 0 = j + 4. Suppose -f = -3*z + 11. What is the tens digit of z?
2
Let i = 328 - -163. What is the units digit of i?
1
Let r be (-1184)/(-12) + 2/(-3). Suppose -y - r = -5*j - 265, -3*y = 2*j - 586. What is the units digit of y?
2
Let m(h) = 2*h + 17. Let r be m(5). Suppose c - 12 = r. What is the units digit of c?
9
Let f = 1937 + -519. What is the units digit of f?
8
Let t(d) = 288*d - 1399. What is the units digit of t(14)?
3
Let l = 24 + 128. Let h = l - 107. What is the tens digit of h?
4
Let m(h) = 57*h + 3. Let c be m(5). Suppose 0 = 3*i + w - c, 2*i - 460 = -3*i + 5*w. What is the tens digit of i?
9
Suppose -3*f + 2*w + 3735 = 2*f, -w - 3730 = -5*f. What is the hundreds digit of f?
7
Let g(p) = 77*p - 13. Let w be g(8). Suppose 3*i + w = 3*a, -2*a + 414 = -0*i + 4*i. What is the hundreds digit of a?
2
Let z be -3 - -13 - 1*-1. Suppose 5 = 2*b - 4*q - 3, -b + 4*q + 2 = 0. Suppose -b*w = -z*w + 50. What is the units digit of w?
0
Suppose -3*t + p = -4796, 5*t + 9*p - 12*p - 7996 = 0. What is the hundreds digit of t?
5
Let t(s) = 38*s**2 - 6*s - 51. What is the units digit of t(-5)?
9
Suppose 3*a + 169 = 175. Suppose 0*t + a*t = 172. What is the tens digit of t?
8
Let x(q) = -18*q**2 - 13 + 17*q + 27*q**2 - 10*q**2. What is the tens digit of x(12)?
4
Suppose 0 = -2*s + 4*t + 2166, t = -s + 5*t + 1077. What is the tens digit of s?
8
Let b(n) = 1 + 2*n**2 - 3*n**2 - n**2 + 6*n**2 - n. Let j be b(1). What is the tens digit of -6*(-2)/j - -16?
1
Suppose -17 = -3*a + 4*u, a - 4*u = -5*u + 1. Suppose -a*y = -8*y - 2*k + 50, y + 3*k = -3. What is the tens digit of y?
1
Let f(x) be the second derivative of x**3/6 + x**2/2 + x. Let b be f(6). Suppose p = 5, 2*i - b*i - 4*p + 50 = 0. What is the units digit of i?
6
Suppose -12 = -2*k - 2*k. Suppose 0 = -k*b - 1 - 8. What is the units digit of (-3 + -1)/(6/b)?
2
Let z(o) = 65*o**2 + 8*o + 21. What is the units digit of z(-3)?
2
Let v(x) = -2*x + 9*x - 38 + 20. What is the units digit of v(7)?
1
Let u(i) = -i + 14. Let t be u(12). Suppose 8 = -t*x - 48. Let z = x - -80. What is the tens digit of z?
5
Let v(w) = 31*w + 8*w + 0 - 2. Let j be v(2). What is the tens digit of (2/8)/(1/j)?
1
Let i(f) = -17 + 11 + 75*f + 5*f. What is the units digit of i(2)?
4
Suppose 0 = 2*j - 4*j. Suppose x = 3*x + 4. What is the tens digit of (6 - j)*(-9)/x?
2
What is the tens digit of (1 + 1)/(114/4161)?
7
Suppose 13 = 3*o + 1. Let t(r) be the third derivative of -r**6/120 + r**5/10 - r**4/24 + r**3/3 + 46*r**2. What is the tens digit of t(o)?
3
Let s(p) = -6*p + 4. Suppose 5 = 5*r, -2*d - 5 = 4*r + 1. Let l = d + -2. What is the units digit of s(l)?
6
Let k = -285 + 2088. What is the units digit of k?
3
Suppose 2*y + y - 33 = 0. Suppose 5*k - 129 - y = 0. Let l = -8 + k. What is the units digit of l?
0
Suppose -9 = 22*g - 25*g. What is the units digit of 2/(g + (-85)/29)?
9
Suppose -3056 = 160*d - 162*d. What is the units digit of d?
8
Suppose 2*t + 2*w = t + 181, -t + 4*w = -205. What is the tens digit of t?
8
Let a = 61 - 55. What is the units digit of (-3)/(a/(-116))*(-25)/(-10)?
5
Let p(y) = -24*y - 16. Let g(m) = -m**2 - 11*m - 9. Let b be g(-9). Let n be p(b). What is the tens digit of 1/(3 + n/78)?
3
Suppose 8 = -b - b + 2*r, -b + 4 = r. Suppose 0 = 2*n - b*n - 4*f - 208, n + 4*f = 74. What is the units digit of n?
4
Let v be (-247)/(-39) + (-2)/(-3). Suppose -8 = -v*w + 5*w. What is the units digit of w?
4
Let t be (-3 - (-5)/2) + 9/2. Suppose -b + 7 = -t. What is the units digit of b?
1
What is the tens digit of (-21)/((-1)/(-3)*(-8)/48)?
7
Let u(v) = 30*v**2 + 21*v - 14. What is the units digit of u(4)?
0
Let z be ((-6)/16)/(6/(-48)). What is the tens digit of 101 + 12/z + -3?
0
Suppose l = -3*p + 218, -l - 3*p + 854 = 3*l. What is the tens digit of l?
1
Let x = -10 - -22. Let n(a) = 1 - 4 - x*a + 4*a. What is the units digit of n(-6)?
5
Suppose 2*k = -0 + 6. Suppose -k*h = -163 - 47. What is the units digit of 2/7 - (-960)/h?
4
Let x(h) = -229*h - 9. What is the tens digit of x(-4)?
0
Let g = 6998 - 4976. What is the hundreds digit of g?
0
Let j be (8/12)/((-3)/9). Let u(x) = 32*x**2 + x. Let p be u(j). Suppose 0 = 3*m + 3*m - p. What is the units digit of m?
1
Let f(p) = 5*p**2 + 4*p - 33. Let n be f(-13). Suppose 33*s - 28*s - n = 0. What is the tens digit of s?
5
Suppose -1 - 3 = -2*x. Suppose o = -4*o - 3*a - 5833, 0 = -x*o + 2*a - 2330. What is the units digit of (-2)/4*o/11?
3
Let f(n) = -7 - 10 + 4*n - 5. Let o be f(9). Let k = o - 5. What is the units digit of k?
9
Suppose 4*k - 5*x - 37 = 0, -2*x + 0*x - 25 = -5*k. Suppose 0 = 8*t - k*t - 320. Suppose 4*i + 0 = t. What is the units digit of i?
6
Let j(u) = 357*u**3 + 2*u**2 - 1. What is the units digit of j(1)?
8
Let c = -6 + 40. Let p = 48 + c. What is the tens digit of p?
8
Let j be (-27)/(-7) - (-15)/105. Suppose j*r - 224 = -4*k, 3*r + 129 = 3*k - 63. What is the tens digit of k?
6
What is the thousands digit of 4530 + -1 + 30/3?
4
Suppose 2*b + 352 = -4*g + 4*b, 0 = -2*b - 8. Let n = g + 354. What is the units digit of n?
4
Let w = -31 - -52. Let d = w + 33. What is the units digit of d?
4
Let g(p) = -85*p + 295. What is the tens digit of g(-4)?
3
Let s = -17 - -4. Let q(a) = a**2 + 12*a - 10. Let n be q(s). What is the units digit of -3 - (n - (-2 - -56))?
8
Suppose -2*o = -3*o - 9. Let h(d) = d**2 + d + 2. What is the tens digit of h(o)?
7
What is the thousands digit of 2436/49*77/2 - 6?
1
Suppose 8*m - 1791 = -3*q + 5*m, -m - 5 = 0. What is the hundreds digit of q?
6
Let n(u) = 75*u - 3. What is the tens digit of n(7)?
2
Let y = -14 + 22. Let l(k) = -k**3 - 5*k**2 - 6*k + 4. Let v be l(-3). Suppose -14 = -f + v*n, -2*n + 50 = 2*f - y. What is the units digit of f?
6
Suppose 3*k = 3*q - 38 - 13, 73 = 4*q - 3*k. Let z = 39 - q. Suppose 3*h - 7 - z = 0. What is the units digit of h?
8
Let c = 97 - 93. What is the hundreds digit of (2/6)/(6094/(-1524) + c)?
2
Suppose -718 + 104 = -2*k. What is the hundreds digit of k?
3
Let u(b) = b**3 + b**2 - b - 11. Suppose -7*h = -4*h. Let v be u(h). Let c = 19 + v. What is the units digit of c?
8
Suppose -56 = -0*v + 4*v. Let y be 8 - (-3 + v/(-2)). What is the tens digit of (18/15)/(y/230)?
6
Suppose -5*x - 2*y + 8247 = 0, -x + 179 + 1472 = 2*y. What is the units digit of x?
9
Let o(l) = -l**3 + 4*l**2 + 6*l - 3. Let a be o(5). Suppose -89 = -a*r - 13. What is the units digit of r?
8
Suppose k - w = -2 - 1, -3*k + 2*w = 4. Suppose -5*v - 2 = g, -3*v + g - 2*g - k = 0. Suppose 0*r - 2*r + 10 = v. What is the units digit of r?
5
Suppose -7*y = -835 - 404. Let t = -98 + y. What is the tens digit of t?
7
What is the units digit of (-872)/3*(4 + -15 + 8)?
2
Let q(w) = w**2 + 6*w - 12. Let h be q(-8). Suppose 77 = 3*x - h. What is the units digit of x?
7
What is the hundreds digit of 1336/(4/(-40) - (-22)/20)?
3
Let f = 1569 + -1504. What is the tens digit of f?
6
Let r(o) = -o + 6. Let n be r(5). Let b be 0 + -1 - n - 1. What is the units digit of b/(-18) + 622/12?
2
Let v be (155/(-4))/((-3)/(-12)). What is the tens digit of v/(-4) - (-42)/(-56)?
3
Suppose 4*h + 8 = -0. Let y be 2 - (4/h - -4). Suppose -w + 0*w + 13 = y. What is the units digit of w?
3
What is the tens digit of ((-8)/8)/((-5)/9960)?
9
Let b = 4 - -886. What is the units digit of b?
0
Suppose 0 = -29*k + 9*k + 78820. What is the units digit of k?
1
Let x = 4510 + -1457. What is the tens digit of x?
5
Suppose -589 = -2*r + 3*j, -4*r = 3*j - 1323 + 100. What is the u